e m(-1).
-10
Let r(f) = f**2 + 6*f + 5. Let b be r(-6). Let x(m) = 25*m + 483. Let k be x(-19). Let u(n) = -3*n**2 + 2*n**3 - 4*n**3 - k*n + b*n + n**3. Determine u(-3).
9
Let w(x) be the first derivative of 11*x**4/4 + x**3 + 2*x**2 + 2*x + 7076. Determine w(-1).
-10
Let n(s) be the second derivative of s**5/60 + s**4/6 + s**3/3 + 39*s**2/2 + 51*s. Let y(x) be the first derivative of n(x). Give y(-4).
2
Let g(h) = -367*h - 1105. Let x be g(-3). Let q(p) = -2*p + 10. Give q(x).
18
Let o(q) = -q**3 - 3*q**2 - 9*q - 6. Let c(f) = f**3 + 4*f**2 + 7*f + 6. Let x(p) = 4*c(p) + 3*o(p). Let n be 16/(-5) - 4 - 2/(-10). What is x(n)?
-1
Let u(s) = 2*s**2 + 4*s + 3. Let j(z) = -z**2 - 2*z - 3. Suppose 3*a + 11*a - 5*a = 0. Let f be j(a). Determine u(f).
9
Let v(w) = -w + 16*w**3 + 2 - 15*w**3 + 4*w**2 + 2*w**2. Let j(n) be the first derivative of n**2 + 4*n + 2. Let b be j(-5). What is v(b)?
8
Let z(j) be the first derivative of j**4/4 - 7*j**3/3 - 7*j**2/2 + 12*j - 852. Give z(7).
-37
Let l(m) = -m**3 + 3*m**2 + 4. Suppose 2*t + 112 = q - 4*q, -5*t - 301 = -3*q. Let s = 74 + t. Let p be (-3)/(-5)*6/(18/s). Determine l(p).
4
Let n(v) = -3*v**3 + 4*v**2 + 5*v. Let u be n(-1). Suppose 0 = u*b - 2*y - 24 + 16, 5*b = 3*y + 30. Let g(s) = s**3 - 9*s**2 + 2*s - 7. Give g(b).
11
Let j(y) = 133*y - 10924. Let g be j(82). Let l(w) = w**3 + 19*w**2 + 24*w + 28. Calculate l(g).
-80
Let z(t) be the second derivative of t**6/144 + t**5/15 - 13*t**4/2 - 3*t - 1. Let h(i) be the third derivative of z(i). Determine h(-3).
-7
Let x(m) = m + 23 - 2*m + 7*m - 3*m + 16. Calculate x(-17).
-12
Let c(a) = -a - 12*a**2 - 13 + 11 + 3 + 90*a**2. Determine c(1).
78
Let w be (-10)/((5/35)/(-7 + (-306)/(-42))). Let v(q) = -3*q - 41. What is v(w)?
19
Let b(i) = 130 + i**2 - 174*i - 82 + 160*i. Give b(9).
3
Let k(m) be the first derivative of -1/3*m**3 - 2*m - 45 + 1/2*m**2. Let z = -2 + 2. Give k(z).
-2
Suppose 18 = -4*b - 642. Let i = 169 + b. Let o(c) = 4*c. Give o(i).
16
Let c = 681 + -678. Let m(z) = -z**3 + 3*z**2 + 7. Determine m(c).
7
Let y(w) be the first derivative of -3/2*w**2 - 126 - 1/3*w**3 - 2*w. Calculate y(-7).
-30
Let c(a) = 4*a**2 - a - 1. Let n(o) = o**3 + o**2 - 2*o + 2. Let r(b) = -c(b) - n(b). Give r(-5).
-16
Suppose 3*g = 3 + 3. Let l(w) = 264*w**2 - 10 - 131*w**2 - 132*w**g + w. Let u(y) = -1. Let z(d) = -l(d) + 6*u(d). Give z(0).
4
Let j(y) = 21*y - 6*y - 32 + 32 - 11*y. Suppose 2*r - 4 = 0, -m + 4*r = -0*m + 4. Let a(f) = -8*f. Let x(k) = m*a(k) + 7*j(k). Calculate x(1).
-4
Let h(v) = -v**3 - 3*v**2 + 4*v - 6. Let q be 4/(0/(-3) + 1)*-1. Let x be h(q). Let j(s) = s + 1. Let t(m) = -18*m - 7. Let d(u) = x*j(u) - t(u). Give d(-1).
-11
Let c be 10*(-7 + ((-87)/(-14) - (-76)/266)). Let f(i) = -i**2 - 7*i. Calculate f(c).
10
Suppose -5*w + 2 = -3*u, -4 + 1 = u - 2*w. Let z(o) be the second derivative of o**4/12 - 2*o**3 + 3*o**2/2 + 6*o. What is z(u)?
-8
Let j = 739 + -744. Let i(l) be the third derivative of l**5/60 + l**4/4 + 5*l**3/6 + l**2 + 39*l. Give i(j).
0
Let v(i) = 13*i**2 - 8*i + 26. Let y(g) = -15*g**2 + 9*g - 38. Let h(x) = -7*v(x) - 6*y(x). Give h(7).
11
Let j(x) = 19*x**2 - 18*x - 404. Let h(z) = 4*z**2 - 4*z - 77. Let c(m) = -21*h(m) + 4*j(m). What is c(4)?
-79
Let v be ((-2)/3)/((-64)/(-24) - 3). Suppose o - 66 = -o. Suppose 3*q + 2*q - k = -o, 0 = v*q + k + 9. Let r(z) = -z**3 - 7*z**2 - 5*z + 6. Determine r(q).
0
Suppose -4 = -t + 2. Let g be 1*4/7*(-63)/(-18). Let j(n) = g*n + 0 - 8 + 5. Calculate j(t).
9
Let m(s) = -3*s**2 - 66*s - 273. Let c be m(-16). Let q(j) = -j + 36. Give q(c).
21
Let x(c) = c**2 - 7*c + 5. Let w(o) be the second derivative of 18*o**2 + 4*o + 0 - 1/3*o**3. Let u be w(15). Give x(u).
-1
Let x(r) = -6*r - 1. Let k(p) be the third derivative of -p**5/60 - 13*p**4/24 - 23*p**3/6 + 80*p**2 - 2. Let s be k(-11). Give x(s).
5
Let i be (-1799)/120 - (-3855)/257. Let u(x) be the third derivative of 0*x - i*x**6 + 0*x**4 + 3*x**2 - 2/3*x**3 - 1/15*x**5 + 0. What is u(-4)?
-4
Let m(o) = -4*o + 31. Let f be m(14). Let z = 27 + f. Let l(r) = 1 + 13*r**2 - 24*r**2 + 12*r**z. Give l(-2).
5
Let r(d) = 3*d**2 + 26*d + 9. Let u = 3040 + -3048. What is r(u)?
-7
Let y(o) = -o. Let x = -65 + 74. Suppose 28 = 3*n + 4*k - x, -5*n + 5*k = -50. Let b(h) = h**2 - 13*h + 25. Let f be b(n). Calculate y(f).
-3
Let y(n) = 15*n - 206. Let q be y(18). Let l(r) = 46*r + 19*r - q*r + 4. What is l(-1)?
3
Let z(w) = -2*w**2 + 15*w - 13. Let k(q) = 22*q - 81. Let o be k(4). Calculate z(o).
-6
Let m(f) be the first derivative of -4*f**2 + 102*f + 1. Let i be m(12). Let s(v) = -v**3 + 6*v**2 + v - 13. Calculate s(i).
-7
Let h(v) = 11947 + 7*v**2 - v**3 - 11948 - 6*v - 9*v. Determine h(5).
-26
Suppose 24*k - 4*k = -2900. Let b = 143 + k. Let i(z) = 4*z + 5. Give i(b).
-3
Let y(t) be the first derivative of -t**4/4 + t**2 + 12*t - 111. What is y(-3)?
33
Let t(q) = q**2 + 4*q + 2. Let c be t(-4). Let p(g) = -7*g + 0 + 0 + 12*g + c. Let u be 1/(-2)*-1 - (-10)/4. What is p(u)?
17
Let n(z) be the third derivative of z**5/60 + 7*z**4/12 + 17*z**3/3 - 165*z**2 - z. Calculate n(-3).
1
Let f(a) = 3*a**2 - a + 3. Suppose 0 = 3*m - 6 - 3. Let i(w) = 4 + 191*w + 7*w**2 - 194*w + m. Let c(u) = 5*f(u) - 2*i(u). Calculate c(0).
1
Let j = -4872 + 4889. Let g(s) = -s**3 + 18*s**2 - 16*s - 25. Determine g(j).
-8
Suppose h + g + 4*g - 2 = 0, -5*g = -2*h + 4. Let m(c) = 1 + 0 - 6*c**h - 2 + 12*c**2. Suppose 0 = 4*k - 3*k + 1. Give m(k).
5
Let g(k) = -k**3 + 5*k**2 + 3*k. Let s be -34 + 31 + ((-6)/5)/(9/(-60)). Give g(s).
15
Let l(x) = -13*x - 87. Let p = 360 + -367. Let q be l(p). Let f(d) = 3*d - 2. Calculate f(q).
10
Let g(r) = r**3 + r**2 - 5. Let d = 56 + -53. Let c be ((-32)/(-8))/(-1 + d). Suppose 4*i - 5 = -c*o + 3, -2*o = -5*i - 8. Calculate g(i).
-5
Let q(k) = -k**2 - 2*k + 1. Let w be -6 + 2/(-4)*-4. Let j be q(w). Let z(i) = -i. Let r(o) = 4*o. Let m(d) = -r(d) - 3*z(d). Determine m(j).
7
Let w(c) be the third derivative of -c**6/720 - c**5/120 - 10*c**4/3 + 65*c**2. Let o(u) be the second derivative of w(u). Give o(-4).
3
Let z = 58749/2 + -29374. Let j(k) be the third derivative of 0*k + 15*k**2 + 1/60*k**5 - z*k**3 + 0*k**4 + 0. Give j(4).
13
Let m(k) = -k**2 + 16*k - 55. Let b be m(9). Suppose u = s - b, 2*s - 3 = -5*u + 6. Let v(i) = -i**2 + 5*i + 16. Calculate v(s).
2
Let l(h) be the first derivative of h**3/3 - 4*h**2 + 6*h + 1. Let w = 226 + -140. Suppose -89*x = -w*x - 18. Determine l(x).
-6
Suppose 0 = 111*p + 34*p + 580. Let x(j) = -4*j - 6. What is x(p)?
10
Let q(z) = -3*z**3 - 10*z**2 + 14*z - 3. Let d(r) = -2*r**3 - r**2 - r + 3. Let j(v) = 2*d(v) - q(v). Calculate j(6).
-15
Let b(p) be the second derivative of -p**4/12 + 8*p**3/3 + 3*p**2/2 + p + 404. Determine b(13).
42
Suppose -5955*w + 5936*w = 0. Let v(x) = x**3 - 15. Give v(w).
-15
Let j(s) = -53*s**2 - 6*s - 48*s**2 + 144*s**2 + 26*s - s**3 - 52*s**2. Give j(-11).
22
Let j(h) = 6*h**2 - 1. Let r(k) = -8*k**3 + k + 1. Let a be r(-1). Suppose 3*v = -4*t - a, -2*v = 3*t + v + 9. Give j(t).
5
Let m be (-598)/(-104) + (2 - 11/4). Let a be (1 + 5 + -5)*m. Suppose 3*d = -6, 4*r = a*r + 5*d + 10. Let b(k) = k**2 + k + 1. Give b(r).
1
Let b(l) = -l**3 + 7*l**2 - 2*l - 41. Let o be ((-6)/14)/((-75)/1050). Calculate b(o).
-17
Let s(g) = 3*g - 5. Let y(z) = -z - 6. Let x be y(-6). Give s(x).
-5
Let u(l) = -l**3 - 13*l**2 - 23*l. Let p be u(-11). Let y(b) = 8*b**2 + b**3 - 13 - p + 49 + 10*b - 18. Calculate y(-6).
19
Let f(p) = 3*p + 1. Suppose 35 - 29 = -z. Let m be (-4 - z/6) + (-2)/2. Determine f(m).
-11
Suppose 77 = 12*l + 43 + 10. Let h(v) be the second derivative of 13*v + 0 - 5/6*v**3 - 2*v**l + 1/12*v**4. Give h(5).
-4
Let r(i) = 48*i + 193. Let p be r(-4). Let x(g) be the third derivative of g**5/6 + g**4/12 - g**3/6 - 2*g**2. Give x(p).
11
Let l(g) be the first derivative of 28*g + 5/2*g**2 - 2/3*g**3 - 33. Let b(o) be the first derivative of l(o). Calculate b(8).
-27
Let q(r) = 12*r**3 - 31*r**2 - r + 41. Let s(k) = 15*k**3 - 34*k**2 - 2*k + 41. Let n(z) = -6*q(z) + 5*s(z). What is n(-5)?
4
Let s(a) be the third derivative of -a**6/40 - 19*a**5/60 - a**4/8 + 8*a**3/3 + 7355*a**2. Give s(-6).
-2
Let g(b) = -b**3 + 10*b**2 - 12*b + 15. Let u(k) = 40*k**3 - 5*k**2 - 12 - 4 - 5*k**2 - 39*k**3 + 13